2
4a81
What is 125b (base 12) in base 11?
1628
What is 1460 (base 11) in base 4?
131121
What is 15844 (base 10) in base 5?
1001334
What is 3333 (base 5) in base 8?
724
-1523 (base 6) to base 11
-344
10010110 (base 2) to base 3
12120
What is -548 (base 9) in base 2?
-111000001
-49 (base 10) to base 16
-31
What is -22430 (base 6) in base 15?
-e26
50366 (base 8) to base 16
50f6
Convert 151551 (base 6) to base 5.
432213
-3c0 (base 15) to base 2
-1101010111
a748 (base 12) to base 5
1041334
Convert -62537 (base 9) to base 5.
-2310023
What is 1d9a (base 15) in base 7?
24535
What is 779 (base 16) in base 2?
11101111001
What is 41514 (base 6) in base 2?
1010111010110
What is -65124 (base 9) in base 3?
-2012010211
What is -12113 (base 4) in base 3?
-120002
What is 1002001 (base 3) in base 6?
3344
111101 (base 4) to base 14
6d3
Convert -449 (base 14) to base 8.
-1521
-17752 (base 11) to base 12
-1247a
What is -42579 (base 11) in base 2?
-1111000111011101
What is 121a (base 11) in base 12?
b0a
-265624 (base 7) to base 6
-1023411
What is 22211022 (base 3) in base 10?
6434
What is -642 (base 13) in base 14?
-564
-6 (base 8) to base 2
-110
-c57 (base 14) to base 3
-10022222
Convert 234 (base 9) to base 6.
521
What is 3103 (base 4) in base 11?
182
-129 (base 13) to base 7
-411
Convert 988 (base 12) to base 3.
1220212
Convert -44100 (base 5) to base 4.
-233101
-7060 (base 10) to base 11
-5339
What is -111011100110 (base 2) in base 7?
-14056
What is -2674 (base 12) in base 3?
-20001021
What is 48a3 (base 14) in base 10?
12687
What is -136 (base 8) in base 14?
-6a
-12 (base 13) to base 2
-1111
1100110010010110 (base 2) to base 7
305460
25508 (base 9) to base 15
5155
What is -1109 (base 10) in base 4?
-101111
What is 6e7 (base 15) in base 3?
2011001
Convert -9ea (base 15) to base 16.
-8c5
241213 (base 5) to base 4
2023211
Convert -34805 (base 9) to base 11.
-16519
What is 1b3 (base 15) in base 14?
201
What is 14432 (base 12) in base 15?
8592
What is -2445 (base 6) in base 12?
-425
Convert -1604 (base 10) to base 2.
-11001000100
Convert -3a (base 12) to base 4.
-232
-493a (base 11) to base 15
-1da6
Convert -1555 (base 9) to base 13.
-701
-512 (base 9) to base 11
-349
What is 100100110 (base 2) in base 14?
170
79a (base 14) to base 4
113210
-4080 (base 11) to base 8
-12444
1120200 (base 3) to base 2
10010000000
What is -105708 (base 9) in base 11?
-43598
Convert 5881 (base 15) to base 9.
27704
1212 (base 7) to base 12
316
Convert -447b (base 12) to base 8.
-16637
302 (base 12) to base 7
1160
Convert -445 (base 11) to base 14.
-2a1
-ac1 (base 13) to base 5
-24342
-1a67 (base 12) to base 6
-23011
313 (base 5) to base 6
215
What is 1b451 (base 13) in base 10?
53470
Convert 325 (base 12) to base 14.
24d
-3bb (base 12) to base 13
-353
What is 64431 (base 8) in base 16?
6919
What is 47a (base 16) in base 11?
952
What is 1100110101000 (base 2) in base 12?
3974
Convert -132103 (base 4) to base 11.
-1503
What is 1282 (base 9) in base 11?
7a8
Convert 36112 (base 10) to base 3.
1211112111
-2653 (base 13) to base 9
-7454
What is 776 (base 11) in base 7?
2466
-1233 (base 8) to base 14
-359
Convert -1241343 (base 6) to base 12.
-33253
Convert -111100101110111 (base 2) to base 9.
-46580
Convert -1d7 (base 16) to base 5.
-3341
What is 2278 (base 12) in base 10?
3836
What is -2122120 (base 3) in base 12?
-1150
What is -b86c (base 14) in base 9?
-47616
Convert 57b2 (base 15) to base 13.
8621
Convert -928 (base 15) to base 6.
-13315
Convert 98a (base 11) to base 15.
542
What is 863 (base 16) in base 9?
2845
What is 432434 (base 5) in base 8?
34630
-7224 (base 8) to base 16
-e94
Convert -4353 (base 7) to base 5.
-22212
Convert 2204 (base 12) to base 4.
322210
Convert -208 (base 14) to base 16.
-190
Convert -10e68 (base 15) to base 8.
-151161
-5 (base 11) to base 6
-5
What is -4141 (base 6) in base 15?
-41a
1202 (base 6) to base 11
244
Convert -201 (base 8) to base 5.
-1004
Convert ab3 (base 14) to base 10.
2117
What is 200100021 (base 3) in base 14?
4c32
-1c9c (base 13) to base 7
-15460
Convert -100123 (base 6) to base 13.
-3741
What is -23300332 (base 4) in base 5?
-3020230
Convert -3146 (base 7) to base 10.
-1112
Convert 300032 (base 4) to base 11.
2356
Convert 44 (base 15) to base 10.
64
What is 1100221201 (base 3) in base 10?
26938
Convert 5442 (base 6) to base 16.
4e2
-544 (base 15) to base 6
-5301
15450 (base 10) to base 2
11110001011010
What is 2dd (base 14) in base 6?
2415
532 (base 12) to base 10
758
11120 (base 3) to base 9
146
Convert 10164 (base 7) to base 4.
213000
-4106 (base 16) to base 12
-9772
21203 (base 4) to base 9
748
What is 1553 (base 6) in base 14?
229
Convert 52 (base 7) to base 14.
29
What is 1220112010 (base 3) in base 4?
21022320
-55360 (base 8) to base 7
-124605
41e (base 16) to base 6
4514
What is -7035 (base 14) in base 16?
-4b37
240114 (base 5) to base 7
34416
-2000020 (base 3) to base 12
-a20
What is -10011111000 (base 2) in base 3?
-1202010
Convert -104424 (base 5) to base 10.
-3739
Convert 9c9 (base 13) to base 2.
11010010110
-56695 (base 10) to base 3
-2212202211
Convert -55552 (base 6) to base 14.
-2b92
Convert 277a (base 11) to base 14.
144c
Convert 247 (base 16) to base 8.
1107
Convert 502 (base 13) to base 15.
3b7
What is 489 (base 13) in base 3?
1002020
What is -1908 (base 11) in base 9?
-3287
What is 303255 (base 6) in base 14?
8ac3
Convert -4300022 (base 5) to base 14.
-1c2ab
Convert -7e2 (base 15) to base 6.
-12135
110100001011 (base 2) to base 12
1b23
What is 4501 (base 8) in base 12?
1455
-c83 (base 15) to base 5
-42243
What is -2210 (base 5) in base 7?
-614
What is 8621 (base 11) in base 12?
6719
1e27 (base 16) to base 14
2b55
What is 12556 (base 7) in base 4?
310231
-1a73 (base 12) to base 14
-1287
-3ac (base 14) to base 16
-2e4
Convert 18729 (base 12) to base 11.
24825
Convert 6660 (base 10) to base 5.
203120
3231 (base 6) to base 10
739
Convert -4359 (base 12) to base 4.
-1303311
-3201020 (base 4) to base 2
-11100001001000
Convert -280b (base 16) to base 9.
-15050
14524 (base 7) to base 8
7704
Convert -2422 (base 5) to base 13.
-21b
What is -8624 (base 11) in base 9?
-16566
Convert -220100022 (base 3) to base 9.
-26308
Convert 324322 (base 5) to base 15.
34c7
Convert -1061 (base 7) to base 2.
-110000010
Convert -101001011111100 (base 2) to base 6.
-242204
Convert 102200 (base 5) to base 7.
12662
-a8e4 (base 16) to base 7
-240024
316c (base 16) to base 10
12652
1231 (base 4) to base 3
11001
What is 236436 (base 7) in base 12?
20b36
-8a2 (base 16) to base 15
-9c5
43069 (base 11) to base 4
33102220
What is 1123002 (base 4) in base 14?
21a2
What is 30cb (base 14) in base 5?
232121
3120 (base 5) to base 6
1522
-139 (base 16) to base 5
-2223
What is -12411 (base 5) in base 11?
-812
What is -9b (base 12) in base 4?
-1313
What is 45c (base 16) in base 10?
1116
What is -225661 (base 8) in base 10?
-76721
What is -1ed5 (base 16) in base 8?
-17325
Convert 1100220 (base 4) to base 3.
21002010
f3a (base 16) to base 6
30014
Convert 2263 (base 7) to base 9.
1121
Convert -2222120010 (base 3) to base 15.
-12603
What is 73463 (base 9) in base 14?
1395d
What is -1154 (base 10) in base 16?
-482
What is -2110120 (base 3) in base 11?
-1394
11023 (base 4) to base 14
199
What is 3110 (base 6) in base 8?
1262
Convert 47456 (base 9) to base 13.
11592
Convert 122202 (base 7) to base 4.
11131323
What is -6579 (base 16) in base 7?
-135510
What is -460 (base 11) in base 13?
-334
What is 12524 (base 14) in base 10?
44916
Convert 1000100101011 (base 2) to base 12.
2663
-11121211 (base 3) to base 9
-4554
What is -20210011 (base 3) in base 4?
-1031101
Convert -271 (base 10) to base 9.
-331
What is -269 (base 16) in base 11?
-511
3400 (base 9) to base 4
213033
What is -10000101 (base 2) in base 12?
-b1
-242140 (base 5) to base 13
-416a
-13104 (base 6) to base 7
-5533
Convert 309 (base 11) to base 15.
19c
Convert -161545 (base 7) to base 16.
-7c5a
Convert 28f (base 16) to base 13.
3b5
Convert 3132 (base 5) to base 6.
1533
What is 11720 (base 10) in base 15?
3715
-22120 (base 5) to base 12
-a7b
What is -4004 (base 5) in base 11?
-419
15761 (base 9) to base 3
112212001
What is 4468 (base 15) in base 8?
34242
What is -59 (base 11) in base 3?
-2101
-4b48 (base 14) to ba